{"id":448,"date":"2013-10-15T12:19:28","date_gmt":"2013-10-15T12:19:28","guid":{"rendered":"http:\/\/www.gs-essenheim.de\/?page_id=448"},"modified":"2026-02-04T10:21:46","modified_gmt":"2026-02-04T08:21:46","slug":"kooperationen-1","status":"publish","type":"page","link":"https:\/\/www.gs-essenheim.de\/?page_id=448","title":{"rendered":"Kooperationen"},"content":{"rendered":"\n<p><strong>Kooperationen der Grundschule Essenheim <\/strong><strong>im <span style=\"color: #000000;\">Schuljahr 2025\/2026<\/span><\/strong><\/p>\n\n\n\n<figure class=\"wp-block-table\"><table><tbody><tr><td><strong>Wer?<\/strong><\/td><td><strong>Mit wem?<\/strong><\/td><td><strong>Wie?<\/strong><\/td><\/tr><tr><td><span style=\"text-decoration: underline;\">Grundschule:<\/span><br>Hr. Strupp (Leitung)<br>Fr. Bresser (1a)<br>Fr. Dautermann (1b)<br>Fr. Heinicke (2a + Kooperationsbeauftragte)<br>Fr. Kunkel (2b + Kooperationsbeauftragte)<\/td><td><span style=\"text-decoration: underline;\">Kita Pfiffikus:<br><\/span>Fr. Kinkel (Leitung)<br>Fr. Grau-W\u00e4schenbach (Wackelzahnkinder)<br><span style=\"text-decoration: underline;\">Kita Domherrng\u00e4rten:<br><\/span>Fr. Cammann (Leitung)<br><span style=\"text-decoration: underline;\">Kita Wirbelwind:<\/span><br>Fr. Mann (Leitung)<br>Fr. Josten<br>Fr. Klein<br>(Wackelzahnkinder)<\/td><td>&#8211;&nbsp;Treffen auf allen Ebenen<br>&#8211;&nbsp;Austausch \/ R\u00fcckmeldungen<br>aufgenommener \/ aufzunehmender<br>Kinder<br>&#8211;&nbsp;Hospitationen der Erzieherinnen<br>in den&nbsp;1. Klassen<br>&#8211; Unterrichtsteilnahme aller Wackelzahnkinder in den 1. Klassen<br>&#8211; Kooperationsprojekt &#8222;M\u00fcll&#8220;<\/td><\/tr><tr><td><span style=\"text-decoration: underline;\">Grundschule:<br><\/span>Hr. Strupp (Leitung)<br>Fr. Finsterle (4a)<br>Fr. Fieser (4b)<\/td><td><span style=\"text-decoration: underline;\">Gymnasium Nieder-Olm<br><\/span>Fr. Auer (Orientierungsstufenleiterin)<br><span style=\"text-decoration: underline;\">IGS Nieder-Olm<\/span><br>Fr. Braun (Stufenleiterin 5\/6)<\/td><td>&#8211;&nbsp;Austausch \/ R\u00fcckmeldungen<br>aufgenommener \/ aufzunehmender<br>Kinder<br>&#8211; regelm\u00e4\u00dfige Treffen zu Themen des \u00dcbergangs<\/td><\/tr><tr><td><span style=\"text-decoration: underline;\">Grundschule:<br><\/span>Hr. Strupp (Leitung)<\/td><td><u>Landskronschule Oppenheim<\/u><br>Hr. Stenzel (Leitung)<br><u>Selztalschule Nieder-Olm<\/u><br>Fr. Fricke (Leitung)<\/td><td>&#8211; Beratung, Durchf\u00fchrung von F\u00f6rdergutachten<\/td><\/tr><tr><td><span style=\"text-decoration: underline;\">Grundschule:<br><\/span>B\u00fcchereiteam, Leitung: Fr. Schmahl<br>Fr. Bresser<\/td><td><span style=\"text-decoration: underline;\">Gemeindeb\u00fccherei Essenheim<br><\/span>Fr. A\u00dfmann<\/td><td>&#8211;&nbsp;Informationsaustausch<br>&#8211;&nbsp;Besuch von Schulklassen in der Gemeindeb\u00fccherei<br>&#8211;&nbsp;gemeinsame Aktionen<br>&#8211; Unterst\u00fctzung des Lesesommers<\/td><\/tr><tr><td><span style=\"text-decoration: underline;\">Grundschule:<br><\/span>Fr. Heinicke (2a)<br>Fr. Kunkel (2b)<\/td><td><u>Spvgg. Essenheim 1886 e.V.<br><\/u>Hr. Udo Graf<\/td><td>&#8211; Fu\u00dfball (2. Klassen)<br>&#8211; Training + Begleitung Schulmannschaft zum Grundschulturnier<\/td><\/tr><tr><td><span style=\"text-decoration: underline;\">Grundschule:<br><\/span>Fr. Brambach (3a)<br>Hr. Althaus (3b)<\/td><td><span style=\"text-decoration: underline;\">TV Nieder-Olm<br><\/span>Hr. Kornes<\/td><td>&#8211; Handball (3. Klassen)<\/td><\/tr><tr><td><span style=\"text-decoration: underline;\">Grundschule:<br><\/span>Fr. Heinicke (3a + 3b + Kooperationsbeauftragte)<br>Fr. Kunkel (3a + 3b)<br>Fr. Finsterle (4a + 4b)<br>Hr. Strupp (4a + 4b)<\/td><td><span style=\"text-decoration: underline;\">DLRG Mainz e.V.<br><\/span>Hr. Ebersberger<\/td><td>&#8211; gemeinsamer Schwimmunterricht (3. bzw. 4. Klassen)<\/td><\/tr><tr><td><span style=\"text-decoration: underline;\">Grundschule:<br><\/span>Hr. Strupp (4a)<br>Hr. Althaus (4b)<\/td><td><u>Spvgg. Essenheim 1886 e.V.<br><\/u>Hr. Wagner<\/td><td>&#8211; Tischtennis (4. Klassen)<\/td><\/tr><tr><td><span style=\"text-decoration: underline;\">Grundschule:<br><\/span>gesamtes Kollegium<\/td><td><span style=\"text-decoration: underline;\">Polizei Mainz<br><\/span>Fr. Linkenbach<br>Hr. Reddel<span style=\"text-decoration: underline;\"><br><\/span><\/td><td>&#8211; Fu\u00dfg\u00e4ngertraining (1. Klassen)<br>&#8211; Radfahr\u00fcbungen + Pr\u00fcfung (4. Klassen)<br>&#8211; Polizeipuppenb\u00fchne (1. + 2. Klassen) alle 2 Jahre<\/td><\/tr><tr><td><span style=\"text-decoration: underline;\">Grundschule:<br><\/span>Hr. Strupp (Leitung)<\/td><td><span style=\"text-decoration: underline;\">Dorf- und Geschichtsverein Essenheim e.V.<br><\/span>Hr. Mossel<br>Hr. Wambach<\/td><td><\/td><\/tr><tr><td><span style=\"text-decoration: underline;\">Grundschule:<br><\/span>Hr. Strupp (Leitung)<\/td><td><span style=\"text-decoration: underline;\">Freiwillige Feuerwehr Essenheim e.V.<br><\/span>Hr. Kolb, Hr. Schott<\/td><td>&#8211; Besuch des Feuerwehrhauses (einzelne Klassen)<br>&#8211; &#8222;realistische&#8220; Brandschutz\u00fcbung<br>&#8211; Infos in den 4. Klassen<\/td><td><\/td><\/tr><tr><td><span style=\"text-decoration: underline;\">Grundschule:<br><\/span>Hr. Strupp (Leitung)<br>Fr. Kunkel (Kooperations-<br>beauftragte)<\/td><td><span style=\"text-decoration: underline;\">Musikverein Lyra Essenheim 1981 e.V.<br><\/span>Hr. Hofmann<br>Hr. Beyer<\/td><td>M\u00f6gliche Kooperationen:<br>&#8211; Instrumentenvorstellung<br>&#8211; Fl\u00f6tengruppen in der Schule<br>&#8211; Konzerte in der Grundschule<\/td><td><\/td><\/tr><tr><td><span style=\"text-decoration: underline;\">Grundschule:<br><\/span>Hr. Strupp (Leitung)<\/td><td><span style=\"text-decoration: underline;\">Arbeitsgemeinschaft Jugendzahnpflege Rheinhessen<br><\/span>Hr. Amigoni<\/td><td>&#8211; zahn\u00e4rztliche Untersuchung (1. Klassen)<br>&#8211; zahn\u00e4rztlicher Prophylaxeunterricht (1. &#8211; 4. Klassen)<\/td><\/tr><tr><td><span style=\"text-decoration: underline;\">Grundschule:<br><\/span>Hr. Strupp (Leitung)<\/td><td><span style=\"text-decoration: underline;\">Kreis Mainz-Bingen<br><\/span>Fr. Becker<\/td><td>&#8211; Schulsozialarbeit<\/td><\/tr><\/tbody><\/table><\/figure>\n","protected":false},"excerpt":{"rendered":"<p>Kooperationen der Grundschule Essenheim im Schuljahr 2025\/2026 Wer? Mit wem? Wie? Grundschule:Hr. Strupp (Leitung)Fr. Bresser (1a)Fr. Dautermann (1b)Fr. Heinicke (2a + Kooperationsbeauftragte)Fr. Kunkel (2b + Kooperationsbeauftragte) Kita Pfiffikus:Fr. Kinkel (Leitung)Fr. Grau-W\u00e4schenbach (Wackelzahnkinder)Kita Domherrng\u00e4rten:Fr. Cammann (Leitung)Kita Wirbelwind:Fr. Mann (Leitung)Fr. JostenFr. Klein(Wackelzahnkinder) &hellip; <a href=\"https:\/\/www.gs-essenheim.de\/?page_id=448\">Weiterlesen <span class=\"meta-nav\">&rarr;<\/span><\/a><\/p>\n","protected":false},"author":3,"featured_media":0,"parent":0,"menu_order":8,"comment_status":"closed","ping_status":"closed","template":"","meta":{"footnotes":""},"class_list":["post-448","page","type-page","status-publish","hentry"],"_links":{"self":[{"href":"https:\/\/www.gs-essenheim.de\/index.php?rest_route=\/wp\/v2\/pages\/448","targetHints":{"allow":["GET"]}}],"collection":[{"href":"https:\/\/www.gs-essenheim.de\/index.php?rest_route=\/wp\/v2\/pages"}],"about":[{"href":"https:\/\/www.gs-essenheim.de\/index.php?rest_route=\/wp\/v2\/types\/page"}],"author":[{"embeddable":true,"href":"https:\/\/www.gs-essenheim.de\/index.php?rest_route=\/wp\/v2\/users\/3"}],"replies":[{"embeddable":true,"href":"https:\/\/www.gs-essenheim.de\/index.php?rest_route=%2Fwp%2Fv2%2Fcomments&post=448"}],"version-history":[{"count":118,"href":"https:\/\/www.gs-essenheim.de\/index.php?rest_route=\/wp\/v2\/pages\/448\/revisions"}],"predecessor-version":[{"id":11282,"href":"https:\/\/www.gs-essenheim.de\/index.php?rest_route=\/wp\/v2\/pages\/448\/revisions\/11282"}],"wp:attachment":[{"href":"https:\/\/www.gs-essenheim.de\/index.php?rest_route=%2Fwp%2Fv2%2Fmedia&parent=448"}],"curies":[{"name":"wp","href":"https:\/\/api.w.org\/{rel}","templated":true}]}}