{"id":6513,"date":"2018-05-24T16:57:49","date_gmt":"2018-05-24T14:57:49","guid":{"rendered":"http:\/\/www.gs-essenheim.de\/?page_id=6513"},"modified":"2025-06-02T12:30:43","modified_gmt":"2025-06-02T10:30:43","slug":"datenschutzerklaerung","status":"publish","type":"page","link":"https:\/\/www.gs-essenheim.de\/?page_id=6513","title":{"rendered":"Datenschutzerkl\u00e4rung"},"content":{"rendered":"<p><strong>Allgemeine Hinweise<\/strong><\/p>\n<p>Die folgenden Hinweise geben einen \u00dcberblick dar\u00fcber, was mit Ihren personenbezogenen Daten beim Besuch unsere Webseite passiert.<br \/>\nPersonenbezogene Daten sind gem. Art. 4 Nr. 1 DSGVO alle Daten, mit denen Sie pers\u00f6nlich identifiziert werden k\u00f6nnen oder sich auf eine identifizierbare nat\u00fcrliche Person beziehen.<br \/>\nInformationen zum Thema Datenschutz k\u00f6nnen Sie der unten aufgef\u00fchrten Datenschutzerkl\u00e4rung entnehmen.<\/p>\n<p>Wir weisen darauf hin, dass die Daten\u00fcbertragung im Internet (z.B. Kommunikation per E-Mail) Sicherheitsl\u00fccken aufweisen kann. Ein ganzheitlicher und l\u00fcckenloser Schutz der Daten vor dem Zugriff durch Dritte ist nicht m\u00f6glich.<\/p>\n<p><strong>Geltungsbereich<\/strong><\/p>\n<p>Die Datenschutzerkl\u00e4rung gilt f\u00fcr das Internet-Angebot <a href=\"https:\/\/www.gs-essenheim.de\/\">www.gs-essenheim.de<\/a> der Grundschule Essenheim und die dort angebotenen eigenen Inhalte. F\u00fcr Inhalte anderer Anbieter, auf die z.B. durch Links verwiesen wird, gelten die dortigen Bestimmungen. Diese sind insbesondere gem. \u00a7 7 Abs. 1 Telemediengesetz (TMG) f\u00fcr eigene Inhalte verantwortlich.<\/p>\n<p><strong>Bei der Technik haben wir Hilfe<\/strong><\/p>\n<p>Das Internet-Angebot wird von der Firma Host Europe als technischem Dienstleister vorgehalten. Eine dortige Verarbeitung der Nutzungsdaten erfolgt nach unseren Vorgaben und in unserem Auftrag.<\/p>\n<p><strong>Was wissen wir \u00fcber Ihre Zugriffe auf unser Angebot?<\/strong><\/p>\n<p>Folgende Angaben werden beim Zugriff auf das Internet-Angebot in einer Protokolldatei auf dem Web- bzw. Anwendungsserver gespeichert:<\/p>\n<ul>\n<li>IP-Adresse des Computers, von dem die Anfrage abgeschickt wurde in anonymisierter Form,<\/li>\n<li>Browser-Informationen (Typ und Version des genutzten Browsers, Betriebssystem, Spracheinstellung, etc.)<\/li>\n<li>Angaben \u00fcber den genutzten Serverdienst<\/li>\n<li>Protokollversion<\/li>\n<li>Name der abgerufenen Datei bzw. Angebotsseite (Referrer URL)<\/li>\n<li>Datum und Uhrzeit des Zugriffs<\/li>\n<li>\u00dcbermittelte Datenmenge<\/li>\n<li>Statusangaben (z.B. Fehlermeldungen, \u00fcbermittelt, nicht \u00fcbermittelt, etc.)<\/li>\n<\/ul>\n<p>Diese Informationen werden f\u00fcr statistische Zwecke verwendet. Die Internet-Adresse des von Ihnen genutzten Endger\u00e4tes wird nach kurzer Zeit anonymisiert, welche durch \u00dcberschreibung des letzten Bytes (z.B. 83.243.48.XXX) erfolgt. Eine Erstellung eines personenbezogenen Benutzerprofils erfolgt nicht. Die Daten werden nicht an Dritte weitergegeben und nach Ablauf von 30 gel\u00f6scht.<\/p>\n<p>Eine Zusammenf\u00fchrung der o.g. Daten mit anderen Datenquellen findet nicht statt.<\/p>\n<p><strong>Wir wollen wissen, wer unser Angebot st\u00f6rt oder angreift<\/strong><\/p>\n<p>Zum Schutz vor Angriffen und zur Sicherstellung eines ordnungsgem\u00e4\u00dfen Betriebs werden die Zugriffe auf das Internet-Angebot mit der vollst\u00e4ndigen IP-Adresse vor\u00fcbergehend und zugriffsgesch\u00fctzt auf einem Sicherheitssystem (Firewall) automatisiert auf m\u00f6gliche Risiken hin analysiert und f\u00fcr maximal sieben Tage gespeichert. Ausgenommen hiervon sind Daten \u00fcber Zugriffe, die f\u00fcr die weitere Verfolgung von Angriffen und St\u00f6rungen erforderlich sind.<\/p>\n<p>Nur bei rechtswidrigen Angriffen versuchen wir herauszufinden, welche Person hinter der IP-Adresse steht. Ansonsten bleibt diese Information f\u00fcr uns verborgen und wir werden nicht die Daten des Inhabers einer IP-Adresse einholen.<\/p>\n<p><strong>Cookies<\/strong><\/p>\n<p>Bei der Nutzung fremder Inhalte \u00fcber\u00a0<a href=\"https:\/\/www.gs-essenheim.de\/\">www.gs-essenheim.de<\/a> z.B.\u00a0im Fall einer Verlinkung k\u00f6nnen gegebenenfalls\u00a0Cookies von Drittanbietern zum Einsatz kommen, ohne dass wir Sie ausdr\u00fccklich darauf hinweisen k\u00f6nnen. Die g\u00e4ngigen Browser erlauben es, die Verarbeitung solcher Cookies festzulegen, so dass Sie das Speichern dieser Cookies deaktivieren bzw. die Art der Verarbeitung durch Ihren Browser einstellen oder diese Cookies l\u00f6schen k\u00f6nnen (Hinweise zum Umgang mit Cookies siehe\u00a0<a href=\"https:\/\/www.verbraucher-sicher-online.de\/thema\/cookies\">https:\/\/www.verbraucher-sicher-online.de\/thema\/cookies<\/a>).<\/p>\n<p><strong>Weiterleitung zu einem anderen Anbieter<\/strong><\/p>\n<p>Soweit aus unserem Angebot zu Inhalten anderer Anbieter verlinkt wird, ist dies anhand eines entsprechenden Symbols (K\u00e4stchen mit nach au\u00dfen weisendem Pfeil) oder eines Texthinweises erkennbar. Die Nutzung dieser Angebote unterliegt gegebenenfalls anderen Bedingungen als in dieser Datenschutzerkl\u00e4rung beschrieben.<\/p>\n<p><strong>Social Plug-Ins und Tools<\/strong><\/p>\n<p>Dieses Angebot nutz keine Mechanismen, mit denen beim Besuch unserer Website automatisch Informationen an die Anbieter von Social Media-Diensten flie\u00dfen (Social Plug-Ins).<\/p>\n<p>Etwaige Weiterleitungen zu Anbietern von Social Media-Diensten wie YouTube, Facebook, etc. erfolgen ausschlie\u00dflich via Link, sodass Daten \u00fcber Ihren Besuch auf unserem Angebot (z.B. IP-Adresse, Zeitpunkt, URL) oder auf Ihrem Endger\u00e4t vorhandene Daten (Z.B. Cookie-Informationen) an die jeweiligen Anbieter erst bei einer bewussten Nutzung des Links \u00fcbertragen werden.<\/p>\n<p><strong>Wir wollen wissen, wie gut unser Angebot ankommt<\/strong><\/p>\n<p>F\u00fcr die Erhebung von statistischen Daten \u00fcber die Nutzung dieses Internet-Angebots wird der Webeanalysedienst \u201ePiwiK\u201c (<a href=\"http:\/\/de.piwik.org\/\">http:\/\/de.piwik.org<\/a>) eingesetzt, der ein Widererkennungs-Cookie f\u00fcr sieben Tage speichert. Dabei werden keine personenbezogenen Daten erfasst.<\/p>\n<p>Sie haben dennoch die M\u00f6glichkeit, der Erfassung Ihres bereits anonymisierten Nutzungsverhaltens zu widersprechen (vgl. \u00a7 15 Abs. 3 TMG). Um den Piwik Webanalysedienst aus- oder einzuschalten klicken Sie auf den folgenden Link: <a href=\"http:\/\/piwik.rlp.de\/indes.php?module=CoreAdminHome&amp;action=optOut&amp;language=de\">http:\/\/piwik.rlp.de\/indes.php?module=CoreAdminHome&amp;action=optOut&amp;language=de<\/a>. Der Piwik-Deaktivierungs-Cookie wird dadurch gespeichert bzw. gel\u00f6scht.<\/p>\n<p>Bitte beachten Sie, dass auch das Piwik-Deaktivierungs-Cookie gel\u00f6scht wird, wenn Sie die in Ihrem Browser abgelegten Cookies bereinigen. Au\u00dferdem m\u00fcssen Sie die Deaktivierungsprozedur erneut durchf\u00fchren, wenn Sie einen anderen Computer oder einen anderen Webbrowser verwenden.<\/p>\n<p><strong>Google reCAPTCHA<br \/>\n<\/strong>Wir nutzen \u201eGoogle reCAPTCHA\u201c (im Folgenden \u201ereCAPTCHA\u201c) auf unseren Websites. Anbieter ist die Google Inc., 1600 Amphitheatre Parkway, Mountain View, CA 94043, USA (\u201cGoogle\u201d). Mit reCAPTCHA soll \u00fcberpr\u00fcft werden, ob die Datenaufgabe auf unseren Websites (z.B. in einem Kontaktformular) durch einen Menschen oder durch ein automatisiertes Programm erfolgt. Hierzu analysiert reCAPTCHA das Verhalten des Websitebesuchers anhand verschiedener Merkmale. Diese Analyse beginnt automatisch, sobald der Websitebesucher die Website betritt. Zur Analyse wertet reCAPTCHA verschiedene Informationen aus (z.B. IP-Adresse, Verweildauer des Websitebesuchers auf der Website oder vom Nutzer get\u00e4tigte Mausbewegungen). Die bei der Analyse erfassten Daten werden an Google weitergeleitet.<br \/>\nDie reCAPTCHA-Analysen laufen vollst\u00e4ndig im Hintergrund. Websitebesucher werden nicht darauf hingewiesen, dass eine Analyse stattfindet. <strong><br \/>\n<\/strong>Die Datenverarbeitung erfolgt auf Grundlage von Art. 6 Abs. 1 lit. f DSGVO. Der Websitebetreiber hat ein berechtigtes Interesse daran, seine Werbeangebote vor missbr\u00e4uchlicher automatisierter Aussp\u00e4hung und vor SPAM zu sch\u00fctzen.<\/p>\n<p><strong>Nutzung des Angebots ohne JavaScript<\/strong><\/p>\n<p>Falls Sie in Ihrem Browser JavaScript desaktiviert haben, k\u00f6nnen Sie bestimmte Inhalte (z.B. Videos) nicht nutzen und es werden Ihnen auch bestimmte Hinweise, z.B. der o.g. Cookie-Hinweis, nicht angezeigt.<br \/>\nSie k\u00f6nnen JavaScript f\u00fcr bestimmte Seiten zulassen (z.B. durch den folgenden Link: <a href=\"https:\/\/addons.mozilla.org\/firefox\/addon\/noscript\">https:\/\/addons.mozilla.org\/firefox\/addon\/noscript<\/a>).<\/p>\n<p><strong>Daten, die wir von Ihnen erfragen <\/strong><\/p>\n<p>Nutzen Sie unsere Online-Services (z.B. Kontaktformular), werden von uns bestimmte Angaben erfragt. Diese von Ihnen gemachten Angaben werden ausschlie\u00dflich f\u00fcr die mit dem jeweiligen Online-Service verfolgten Zweck verwendet und ohne Ihre Einwilligung nicht an Dritte weitergegeben. D.h. die Verarbeitung der in das Kontaktformular eingegebenen Daten erfolgt somit ausschlie\u00dflich auf Grundlage Ihrer Einwilligung gem\u00e4\u00df Art. 6 Abs. 1 lit. a DSGVO). Diese Einwilligung kann von Ihnen jederzeit mittels formloser Mitteilung per E-Mail an uns widerrufen werden. Datenverarbeitungsvorg\u00e4nge, die rechtm\u00e4\u00dfig bis zum Widerruf erfolgt sind, bleiben vom Widerruf unber\u00fchrt.<\/p>\n<p>Um eine Sicherung des Kontaktformulars gegen automatisiertes Ausf\u00fcllen zu garantieren, setzten wir unter Umst\u00e4nden den Dienst reCAPTCHA des Unternehmens Google Inc. (\u201eGoogle\u201c) ein. Durch diese Abfrage kann unterschieden werden, ob die Eingabe durch einen Menschen oder missbr\u00e4uchlich durch automatisierte, maschinelle Verarbeitung erfolgt. Die Abfrage schlie\u00dft den Versand der IP-Adresse und ggf. weiterer von Google f\u00fcr den Dienst reCAPTCHA ben\u00f6tigter Daten an Google ein. N\u00e4here Erl\u00e4uterungen zu dem Dienst reCAPTCHA finden Sie unter dem o.a. Punkt \u201eGoogle reCAPTCHA\u201c.<br \/>\nEine Zusammenf\u00fchrung der erfassten Daten durch reCAPTCHA und mit den im Formular angegebenen Daten oder anderen personenbezogenen Daten findet zu keinem Zeitpunkt statt.<\/p>\n<p>Sofern Sie mit der Verwendung des Dienstes reCAPTCHA nicht einverstanden sind, sollten Sie sich statt mit dem Kontaktformular per E-Mail an <a href=\"mailto:schule@gs-essenheim.de\">schule@gs-essenheim.de<\/a> wenden oder sich telefonisch mit uns in Verbindung setzen.<\/p>\n<p>Die o.g. Daten werden f\u00fcr die Dauer von maximal drei Jahren gespeichert, es sei denn spezialgesetzliche Regelungen sehen eine l\u00e4ngere Speicherdauer vor.<\/p>\n<p>Pflichtfelder werden, sofern vorhanden, gekennzeichnet und erl\u00e4utert.<\/p>\n<p><strong>Verschl\u00fcsselung (SSL bzw. TLS)<\/strong><\/p>\n<p>Diese Website nutzt aus Sicherheitsgr\u00fcnden und zum Schutz der \u00dcbertragung vertraulicher Inhalte, wie z.B. Bestellungen oder Anfragen, die Sie an uns als Websitebetreiber senden, eine SSL- bzw. TLS-Verschl\u00fcsselung. Durch die Verschl\u00fcsselung wird sichergestellt, dass bei der \u00dcbertragung Ihrer Daten im Internet diese durch Unbefugte zu Kenntnis genommen oder ver\u00e4ndert werden k\u00f6nnen.<\/p>\n<p>Die verschl\u00fcsselte Verbindung ist erkennbar daran, dass die Adresszeile des Browsers von \u201ehttp:\/\/\u201c auf \u201ehttps:\/\/\u201c wechselt und an dem Schloss-Symbol in Ihrer Browserzeile. Demnach ist die gesicherte Verbindung \u00fcber die URL <a href=\"https:\/\/www.gs-essenheim.de\/\">https:\/\/www.gs-essenheim.de<\/a> zu erreichen.<\/p>\n<p><strong>Minderj\u00e4hrigenschutz<\/strong><\/p>\n<p>Ohne Zustimmung der Eltern oder Erziehungsberechtigten sollen Kinder und Personen, die das 18. Lebensjahr noch nicht vollendet haben, keine personenbezogenen Daten an uns \u00fcbermitteln. Wir fordern keine personenbezogenen Daten von Kindern an, sammeln diese nicht und geben sie nicht an Dritte weiter.<\/p>\n<p><strong>Auskunftsrecht<\/strong><\/p>\n<p>Da wir nun im vorstehend geschilderten Umfang Daten von Ihnen und \u00fcber Sie erheben, liegen uns aus der Nutzung unseres Angebots nur dann Informationen zu Ihrer Person vor, wenn Sie sich \u00fcber die Online-Services an uns gewandt und dabei entsprechende Angaben gemacht haben. Auskunftsrechte (z.B. Herkunft, Empf\u00e4nger, Zweck) hierzu k\u00f6nnen unentgeltlich schriftlich oder per E-Mail uns gegen\u00fcber (siehe Impressum) geltend gemacht werden. Dies gilt auf f\u00fcr Widerspr\u00fcche zu einer erteilten Einwilligungserkl\u00e4rung. Sie haben das Recht, die Berichtigung, Sperrung oder L\u00f6schung Ihrer Daten zu verlangen. Weiterhin steht Ihnen ein Beschwerderecht bei der zust\u00e4ndigen Aufsichtsbeh\u00f6rde zu.<\/p>\n<p>Hinweise zur Verantwortung f\u00fcr die bereitgestellten Inhalte finden Sie im Impressum.<\/p>\n<p><strong>Kontaktdaten des Datenschutzbeauftragten <\/strong><\/p>\n<p>Datenschutzbeauftragte der Grundschule Essenheim<br \/>\nFrau Ute Kunkel<strong><br \/>\n<\/strong>M\u00fcnchhofpforte 20<br \/>\n55270 Essenheim<br \/>\nschule@gs-essenheim.de<br \/>\nTel.: 06136 \/ 8323<\/p>\n<p>Datenschutzbeauftragte des Landes RLP f\u00fcr kleine Schulen<br \/>\nFrau Dr. Jennifer Graf<br \/>\nLe Quartier-Hornbach 19<br \/>\n67433 Neustadt an der Weinstra\u00dfe<br \/>\nTel.: 06321 \/ 99 2470<br \/>\nFax: 06321 \/ 99 3 2470<br \/>\nE-Mail: jennifer.graf@addnw.rlp.de<\/p>\n<p><strong>Kontakt des Verantwortlichen<\/strong><\/p>\n<p>Schulleiter der Grundschule Essenheim<br \/>\nHerr Benedikt Strupp<br \/>\nTelefon: 06136 \/ 8323<br \/>\nTelefax: 06136 \/ 996487<br \/>\nschule@gs-essenheim.de<\/p>\n<p><strong>Anschrift der Verantwortlichen<\/strong><\/p>\n<p>Grundschule Essenheim<strong><br \/>\n<\/strong>M\u00fcnchhofpforte 20<br \/>\n55270 Essenheim<\/p>\n","protected":false},"excerpt":{"rendered":"<p>Allgemeine Hinweise Die folgenden Hinweise geben einen \u00dcberblick dar\u00fcber, was mit Ihren personenbezogenen Daten beim Besuch unsere Webseite passiert. Personenbezogene Daten sind gem. Art. 4 Nr. 1 DSGVO alle Daten, mit denen Sie pers\u00f6nlich identifiziert werden k\u00f6nnen oder sich auf &hellip; <a href=\"https:\/\/www.gs-essenheim.de\/?page_id=6513\">Weiterlesen <span class=\"meta-nav\">&rarr;<\/span><\/a><\/p>\n","protected":false},"author":3,"featured_media":0,"parent":0,"menu_order":13,"comment_status":"closed","ping_status":"closed","template":"","meta":{"footnotes":""},"class_list":["post-6513","page","type-page","status-publish","hentry"],"_links":{"self":[{"href":"https:\/\/www.gs-essenheim.de\/index.php?rest_route=\/wp\/v2\/pages\/6513","targetHints":{"allow":["GET"]}}],"collection":[{"href":"https:\/\/www.gs-essenheim.de\/index.php?rest_route=\/wp\/v2\/pages"}],"about":[{"href":"https:\/\/www.gs-essenheim.de\/index.php?rest_route=\/wp\/v2\/types\/page"}],"author":[{"embeddable":true,"href":"https:\/\/www.gs-essenheim.de\/index.php?rest_route=\/wp\/v2\/users\/3"}],"replies":[{"embeddable":true,"href":"https:\/\/www.gs-essenheim.de\/index.php?rest_route=%2Fwp%2Fv2%2Fcomments&post=6513"}],"version-history":[{"count":8,"href":"https:\/\/www.gs-essenheim.de\/index.php?rest_route=\/wp\/v2\/pages\/6513\/revisions"}],"predecessor-version":[{"id":10752,"href":"https:\/\/www.gs-essenheim.de\/index.php?rest_route=\/wp\/v2\/pages\/6513\/revisions\/10752"}],"wp:attachment":[{"href":"https:\/\/www.gs-essenheim.de\/index.php?rest_route=%2Fwp%2Fv2%2Fmedia&parent=6513"}],"curies":[{"name":"wp","href":"https:\/\/api.w.org\/{rel}","templated":true}]}}