{"id":7,"date":"2011-12-13T16:21:46","date_gmt":"2011-12-13T14:21:46","guid":{"rendered":"http:\/\/www.gs-essenheim.de\/?page_id=7"},"modified":"2025-12-11T12:53:09","modified_gmt":"2025-12-11T10:53:09","slug":"die-schule","status":"publish","type":"page","link":"https:\/\/www.gs-essenheim.de\/?page_id=7","title":{"rendered":"Schule"},"content":{"rendered":"\n<h2 class=\"wp-block-heading\">Allgemeine Informationen zur Schule<\/h2>\n\n\n<div class=\"wp-block-image\">\n<figure class=\"aligncenter\"><a href=\"https:\/\/www.gs-essenheim.de\/wp-content\/uploads\/2018\/03\/2018.3.29.-Spielger\u00e4te-Schulwiese-02.jpg\"><img loading=\"lazy\" decoding=\"async\" width=\"1024\" height=\"679\" src=\"https:\/\/www.gs-essenheim.de\/wp-content\/uploads\/2018\/03\/2018.3.29.-Spielger\u00e4te-Schulwiese-02-1024x679.jpg\" alt=\"\" class=\"wp-image-6266\" srcset=\"https:\/\/www.gs-essenheim.de\/wp-content\/uploads\/2018\/03\/2018.3.29.-Spielger\u00e4te-Schulwiese-02-1024x679.jpg 1024w, https:\/\/www.gs-essenheim.de\/wp-content\/uploads\/2018\/03\/2018.3.29.-Spielger\u00e4te-Schulwiese-02-300x199.jpg 300w, https:\/\/www.gs-essenheim.de\/wp-content\/uploads\/2018\/03\/2018.3.29.-Spielger\u00e4te-Schulwiese-02-768x509.jpg 768w, https:\/\/www.gs-essenheim.de\/wp-content\/uploads\/2018\/03\/2018.3.29.-Spielger\u00e4te-Schulwiese-02-452x300.jpg 452w\" sizes=\"auto, (max-width: 1024px) 100vw, 1024px\" \/><\/a><\/figure>\n<\/div>\n\n\n<p><\/p>\n\n\n\n<p>Unsere Schule besuchen derzeit 130 Kinder in acht Klassen.<\/p>\n\n\n\n<p>Der <strong>Schultr\u00e4ger ist die Verbandsgemeinde Nieder-Olm<\/strong>, der bislang finanziell und ideell sehr viel f\u00fcr seine Schulen unternimmt.<\/p>\n\n\n\n<p>Die Kinder, die unsere Schule besuchen, kommen vorwiegend aus Essenheim. Die Schule liegt abseits der Hauptstra\u00dfen. Durch die wohnortnahe Lage k\u00f6nnen die Kinder den Schulweg zu Fu\u00df bestreiten.<\/p>\n\n\n\n<p>Die Schule wird seit Schuljahresbeginn 2013\/2014 von <strong>Herrn Benedikt Strupp <\/strong>geleitet.<\/p>\n\n\n\n<p>Ihm stehen <strong>Frau Bianka Schr\u00f6der<\/strong> (Schulsekret\u00e4rin) und <strong>Herr Christian Jeschke <\/strong>(Hausmeister) zur Seite. Das Sekretariat ist dienstags und donnerstags von 9.00 -11.30 Uhr ge\u00f6ffnet.<\/p>\n\n\n\n<p>Das <a href=\"https:\/\/www.gs-essenheim.de\/?page_id=9\"><strong>Kollegium<\/strong><\/a> besteht im laufenden Schuljahr aus 8 Klassenlehrerinnen, 1 Fachlehrer f\u00fcr ev. Religion (<strong>Herrn Pfr. Simon Meister<\/strong>), 1 Lehramtsanw\u00e4rter und dem Schulleiter.<\/p>\n\n\n\n<p>Seit Schuljahresbeginn 2012\/2013 gibt es in den Grundschulen der Verbandsgemeinde Nieder-Olm <strong>Schulsozialarbeiter und Schulsozialarbeiterinnen<\/strong>. Seit Ostern 2014 hat der Kreis Mainz-Bingen die Leitung der Schulsozialarbeit \u00fcbernommen. Ab dem 7. November 2022 ist die Stelle an unserer Schule von <strong>Frau Simone Becker <\/strong>besetzt. Sie ist <strong>montags von 9.00 &#8211; 13.30 Uhr<\/strong> und <strong>mittwochs von 9.00 &#8211; 13.30 Uhr<\/strong> f\u00fcr unsere Kinder (und auch f\u00fcr die Eltern) in der Grundschule Essenheim. Au\u00dferdem \u00fcbernimmt Frau Becker auch die Streitschlichterausbildung f\u00fcr die 3. Klassen und die Organisation des Sch\u00fclerparlaments.<\/p>\n\n\n\n<p>Die <span style=\"color: #000000;\"><strong>Unterrichtszeiten<\/strong> <\/span>sind wie folgt:<br><strong>1. Stunde<\/strong><b>:<br><\/b>8.00 \u2013 8.50 Uhr<br>5 Min. Wechselpause<br><strong>2. Stunde:<br><\/strong>8.55 \u2013 9.55 Uhr (inklusive betreutes Fr\u00fchst\u00fcck im Klassenraum)<br><span style=\"color: #000000;\">25 Min. Hofpause<\/span><br><strong>3. Stunde:<br><\/strong>10.20 \u2013 11.10 Uhr<br>5 Min. Wechselpause<br><strong>4. Stunde:<br><\/strong>11.15 \u2013 12.05 Uhr<br>10 Min. Hofpause<br><strong>5. Stunde:<br><\/strong>12.15 \u2013 13.0<span style=\"color: #ff0000;\">5<\/span> Uhr<\/p>\n\n\n\n<p>Unsere <a href=\"https:\/\/www.gs-essenheim.de\/wp-content\/uploads\/2017\/12\/Haus-und-Hofordnung-GS-Essenheim-04.12.2017.pdf\">Haus- und Hofordnung<\/a> wurde \u00fcberarbeitet und erg\u00e4nzt und gilt in ihrer neusten Fassung seit dem 4. Dezember 2017. Unser &#8222;<a href=\"https:\/\/www.gs-essenheim.de\/wp-content\/uploads\/2024\/02\/Konzept-zur-Anwesenheitskontrolle-GS-Essenheim-21.02.2024.pdf\">Konzept zur Anwesenheitskontrolle<span style=\"color: #000000;\">&#8220; <\/span><\/a>vom 21. Februar 2024 soll die Sicherheit unserer Kinder auf dem Schulweg erh\u00f6hen.<\/p>\n\n\n\n<p>Au\u00dfer den Klassenr\u00e4umen haben wir zus\u00e4tzlich einen <strong>Mehrzweckraum <\/strong>(mit <strong>Werkb\u00e4nken <\/strong>und <strong>K\u00fcchenzeile<\/strong>)\u00a0und eine <strong>Sch\u00fclerb\u00fccherei<\/strong> im Schulgeb\u00e4ude. Unser <strong>Foyer<\/strong> wird \u00fcberwiegend als Differenzierungsraum genutzt, seine flexible Wand kann aber auch f\u00fcr gr\u00f6\u00dfere Veranstaltungen ge\u00f6ffnet werden.<\/p>\n\n\n\n<figure class=\"wp-block-gallery has-nested-images columns-default is-cropped wp-block-gallery-1 is-layout-flex wp-block-gallery-is-layout-flex\">\n<figure class=\"wp-block-image size-large\"><a href=\"https:\/\/www.gs-essenheim.de\/wp-content\/uploads\/2016\/07\/2016.07.01.-Anbau-BGS-03.jpg\"><img loading=\"lazy\" decoding=\"async\" width=\"1024\" height=\"768\" data-id=\"3621\" src=\"https:\/\/www.gs-essenheim.de\/wp-content\/uploads\/2016\/07\/2016.07.01.-Anbau-BGS-03-1024x768.jpg\" alt=\"\" class=\"wp-image-3621\" srcset=\"https:\/\/www.gs-essenheim.de\/wp-content\/uploads\/2016\/07\/2016.07.01.-Anbau-BGS-03-1024x768.jpg 1024w, https:\/\/www.gs-essenheim.de\/wp-content\/uploads\/2016\/07\/2016.07.01.-Anbau-BGS-03-300x225.jpg 300w, https:\/\/www.gs-essenheim.de\/wp-content\/uploads\/2016\/07\/2016.07.01.-Anbau-BGS-03-768x576.jpg 768w, https:\/\/www.gs-essenheim.de\/wp-content\/uploads\/2016\/07\/2016.07.01.-Anbau-BGS-03-400x300.jpg 400w, https:\/\/www.gs-essenheim.de\/wp-content\/uploads\/2016\/07\/2016.07.01.-Anbau-BGS-03.jpg 2000w\" sizes=\"auto, (max-width: 1024px) 100vw, 1024px\" \/><\/a><\/figure>\n\n\n\n<figure class=\"wp-block-image size-large\"><a href=\"https:\/\/www.gs-essenheim.de\/wp-content\/uploads\/2016\/07\/2016.07.01.-Anbau-BGS-02.jpg\"><img loading=\"lazy\" decoding=\"async\" width=\"1024\" height=\"768\" data-id=\"3620\" src=\"https:\/\/www.gs-essenheim.de\/wp-content\/uploads\/2016\/07\/2016.07.01.-Anbau-BGS-02-1024x768.jpg\" alt=\"\" class=\"wp-image-3620\" srcset=\"https:\/\/www.gs-essenheim.de\/wp-content\/uploads\/2016\/07\/2016.07.01.-Anbau-BGS-02-1024x768.jpg 1024w, https:\/\/www.gs-essenheim.de\/wp-content\/uploads\/2016\/07\/2016.07.01.-Anbau-BGS-02-300x225.jpg 300w, https:\/\/www.gs-essenheim.de\/wp-content\/uploads\/2016\/07\/2016.07.01.-Anbau-BGS-02-768x576.jpg 768w, https:\/\/www.gs-essenheim.de\/wp-content\/uploads\/2016\/07\/2016.07.01.-Anbau-BGS-02-400x300.jpg 400w, https:\/\/www.gs-essenheim.de\/wp-content\/uploads\/2016\/07\/2016.07.01.-Anbau-BGS-02.jpg 2000w\" sizes=\"auto, (max-width: 1024px) 100vw, 1024px\" \/><\/a><\/figure>\n<\/figure>\n\n\n\n<figure class=\"wp-block-image size-large\"><a href=\"https:\/\/www.gs-essenheim.de\/wp-content\/uploads\/2018\/03\/2018.03.21.-B\u00fccherei-01.jpg\"><img loading=\"lazy\" decoding=\"async\" width=\"1024\" height=\"768\" src=\"https:\/\/www.gs-essenheim.de\/wp-content\/uploads\/2018\/03\/2018.03.21.-B\u00fccherei-01-1024x768.jpg\" alt=\"\" class=\"wp-image-6235\" srcset=\"https:\/\/www.gs-essenheim.de\/wp-content\/uploads\/2018\/03\/2018.03.21.-B\u00fccherei-01-1024x768.jpg 1024w, https:\/\/www.gs-essenheim.de\/wp-content\/uploads\/2018\/03\/2018.03.21.-B\u00fccherei-01-300x225.jpg 300w, https:\/\/www.gs-essenheim.de\/wp-content\/uploads\/2018\/03\/2018.03.21.-B\u00fccherei-01-768x576.jpg 768w, https:\/\/www.gs-essenheim.de\/wp-content\/uploads\/2018\/03\/2018.03.21.-B\u00fccherei-01-400x300.jpg 400w\" sizes=\"auto, (max-width: 1024px) 100vw, 1024px\" \/><\/a><\/figure>\n\n\n\n<h2 class=\"wp-block-heading\"><figure><a href=\"https:\/\/www.gs-essenheim.de\/wp-content\/uploads\/2018\/03\/2018.03.21.-B\u00fccherei-01.jpg\"><\/a><\/figure><\/h2>\n\n\n\n<p>Hinter dem Schulgeb\u00e4ude befindet sich unser <strong>Schulgarten<\/strong>.<\/p>\n\n\n\n<figure class=\"wp-block-gallery has-nested-images columns-default is-cropped wp-block-gallery-2 is-layout-flex wp-block-gallery-is-layout-flex\">\n<figure class=\"wp-block-image size-large\"><a href=\"https:\/\/www.gs-essenheim.de\/wp-content\/uploads\/2020\/03\/2020.03.18.-Schulgarten-mit-neuer-Rankhilfe-02.jpg\"><img loading=\"lazy\" decoding=\"async\" width=\"768\" height=\"1024\" data-id=\"7423\" src=\"https:\/\/www.gs-essenheim.de\/wp-content\/uploads\/2020\/03\/2020.03.18.-Schulgarten-mit-neuer-Rankhilfe-02-768x1024.jpg\" alt=\"\" class=\"wp-image-7423\" srcset=\"https:\/\/www.gs-essenheim.de\/wp-content\/uploads\/2020\/03\/2020.03.18.-Schulgarten-mit-neuer-Rankhilfe-02-768x1024.jpg 768w, https:\/\/www.gs-essenheim.de\/wp-content\/uploads\/2020\/03\/2020.03.18.-Schulgarten-mit-neuer-Rankhilfe-02-225x300.jpg 225w, https:\/\/www.gs-essenheim.de\/wp-content\/uploads\/2020\/03\/2020.03.18.-Schulgarten-mit-neuer-Rankhilfe-02.jpg 1200w\" sizes=\"auto, (max-width: 768px) 100vw, 768px\" \/><\/a><\/figure>\n\n\n\n<figure class=\"wp-block-image size-large\"><a href=\"https:\/\/www.gs-essenheim.de\/wp-content\/uploads\/2020\/03\/2020.03.18.-Schulgarten-mit-neuer-Rankhilfe-01.jpg\"><img loading=\"lazy\" decoding=\"async\" width=\"768\" height=\"1024\" data-id=\"7422\" src=\"https:\/\/www.gs-essenheim.de\/wp-content\/uploads\/2020\/03\/2020.03.18.-Schulgarten-mit-neuer-Rankhilfe-01-768x1024.jpg\" alt=\"\" class=\"wp-image-7422\" srcset=\"https:\/\/www.gs-essenheim.de\/wp-content\/uploads\/2020\/03\/2020.03.18.-Schulgarten-mit-neuer-Rankhilfe-01-768x1024.jpg 768w, https:\/\/www.gs-essenheim.de\/wp-content\/uploads\/2020\/03\/2020.03.18.-Schulgarten-mit-neuer-Rankhilfe-01-225x300.jpg 225w, https:\/\/www.gs-essenheim.de\/wp-content\/uploads\/2020\/03\/2020.03.18.-Schulgarten-mit-neuer-Rankhilfe-01.jpg 1200w\" sizes=\"auto, (max-width: 768px) 100vw, 768px\" \/><\/a><\/figure>\n\n\n\n<figure class=\"wp-block-image size-large\"><a href=\"https:\/\/www.gs-essenheim.de\/wp-content\/uploads\/2020\/04\/2020.04.02.-Insektenhotel-Schulgarten.jpg\"><img loading=\"lazy\" decoding=\"async\" width=\"1024\" height=\"934\" data-id=\"7440\" src=\"https:\/\/www.gs-essenheim.de\/wp-content\/uploads\/2020\/04\/2020.04.02.-Insektenhotel-Schulgarten-1024x934.jpg\" alt=\"\" class=\"wp-image-7440\" srcset=\"https:\/\/www.gs-essenheim.de\/wp-content\/uploads\/2020\/04\/2020.04.02.-Insektenhotel-Schulgarten-1024x934.jpg 1024w, https:\/\/www.gs-essenheim.de\/wp-content\/uploads\/2020\/04\/2020.04.02.-Insektenhotel-Schulgarten-300x274.jpg 300w, https:\/\/www.gs-essenheim.de\/wp-content\/uploads\/2020\/04\/2020.04.02.-Insektenhotel-Schulgarten-768x700.jpg 768w, https:\/\/www.gs-essenheim.de\/wp-content\/uploads\/2020\/04\/2020.04.02.-Insektenhotel-Schulgarten-329x300.jpg 329w\" sizes=\"auto, (max-width: 1024px) 100vw, 1024px\" \/><\/a><\/figure>\n<\/figure>\n\n\n\n<p>Die <strong>Sporthalle<\/strong> und eine Au\u00dfensportanlage liegen nicht unmittelbar auf dem Schulgel\u00e4nde, sind jedoch auf kurzem Fu\u00dfweg (800 m) zu erreichen.<\/p>\n\n\n\n<figure class=\"wp-block-gallery has-nested-images columns-default is-cropped wp-block-gallery-3 is-layout-flex wp-block-gallery-is-layout-flex\">\n<figure class=\"wp-block-image size-large\"><a href=\"https:\/\/www.gs-essenheim.de\/wp-content\/uploads\/2016\/10\/2016.10.27.-Domherrnhalle.jpg\"><img loading=\"lazy\" decoding=\"async\" width=\"1024\" height=\"768\" data-id=\"4161\" src=\"https:\/\/www.gs-essenheim.de\/wp-content\/uploads\/2016\/10\/2016.10.27.-Domherrnhalle-1024x768.jpg\" alt=\"2016-10-27-domherrnhalle\" class=\"wp-image-4161\" srcset=\"https:\/\/www.gs-essenheim.de\/wp-content\/uploads\/2016\/10\/2016.10.27.-Domherrnhalle-1024x768.jpg 1024w, https:\/\/www.gs-essenheim.de\/wp-content\/uploads\/2016\/10\/2016.10.27.-Domherrnhalle-300x225.jpg 300w, https:\/\/www.gs-essenheim.de\/wp-content\/uploads\/2016\/10\/2016.10.27.-Domherrnhalle-768x576.jpg 768w, https:\/\/www.gs-essenheim.de\/wp-content\/uploads\/2016\/10\/2016.10.27.-Domherrnhalle-400x300.jpg 400w\" sizes=\"auto, (max-width: 1024px) 100vw, 1024px\" \/><\/a><\/figure>\n\n\n\n<figure class=\"wp-block-image size-large\"><a href=\"https:\/\/www.gs-essenheim.de\/wp-content\/uploads\/2016\/10\/2016.10.28.-Domherrnhalle.jpg\"><img loading=\"lazy\" decoding=\"async\" width=\"1024\" height=\"768\" data-id=\"4165\" src=\"https:\/\/www.gs-essenheim.de\/wp-content\/uploads\/2016\/10\/2016.10.28.-Domherrnhalle-1024x768.jpg\" alt=\"2016-10-28-domherrnhalle\" class=\"wp-image-4165\" srcset=\"https:\/\/www.gs-essenheim.de\/wp-content\/uploads\/2016\/10\/2016.10.28.-Domherrnhalle-1024x768.jpg 1024w, https:\/\/www.gs-essenheim.de\/wp-content\/uploads\/2016\/10\/2016.10.28.-Domherrnhalle-300x225.jpg 300w, https:\/\/www.gs-essenheim.de\/wp-content\/uploads\/2016\/10\/2016.10.28.-Domherrnhalle-768x576.jpg 768w, https:\/\/www.gs-essenheim.de\/wp-content\/uploads\/2016\/10\/2016.10.28.-Domherrnhalle-400x300.jpg 400w\" sizes=\"auto, (max-width: 1024px) 100vw, 1024px\" \/><\/a><\/figure>\n<\/figure>\n\n\n\n<p><\/p>\n\n\n\n<p>In den 3. + 4. Schuljahren findet im Winterhalbjahr regelm\u00e4\u00dfig <strong>Schwimmunterricht<\/strong> im Nieder-Olmer Hallenbad (Rheinhessenbad) statt.<\/p>\n\n\n<div class=\"wp-block-image\">\n<figure class=\"aligncenter\"><a href=\"https:\/\/www.gs-essenheim.de\/wp-content\/uploads\/2016\/10\/2016.10.05.-Schule-02.jpg\"><img loading=\"lazy\" decoding=\"async\" width=\"300\" height=\"225\" src=\"https:\/\/www.gs-essenheim.de\/wp-content\/uploads\/2016\/10\/2016.10.05.-Schule-02-300x225.jpg\" alt=\"2016-10-05-schule-02\" class=\"wp-image-4079\" srcset=\"https:\/\/www.gs-essenheim.de\/wp-content\/uploads\/2016\/10\/2016.10.05.-Schule-02-300x225.jpg 300w, https:\/\/www.gs-essenheim.de\/wp-content\/uploads\/2016\/10\/2016.10.05.-Schule-02-768x576.jpg 768w, https:\/\/www.gs-essenheim.de\/wp-content\/uploads\/2016\/10\/2016.10.05.-Schule-02-1024x768.jpg 1024w, https:\/\/www.gs-essenheim.de\/wp-content\/uploads\/2016\/10\/2016.10.05.-Schule-02-400x300.jpg 400w, https:\/\/www.gs-essenheim.de\/wp-content\/uploads\/2016\/10\/2016.10.05.-Schule-02.jpg 2000w\" sizes=\"auto, (max-width: 300px) 100vw, 300px\" \/><\/a><\/figure>\n<\/div>\n\n\n<p>Es bestehen ein reger Austausch und eine gute Zusammenarbeit mit den Mitarbeiterinnen der drei&nbsp;\u00f6rtlichen <strong>Kindertagesst\u00e4tten<\/strong>.<br>Die zuk\u00fcnftigen Erstkl\u00e4ssler besuchen in ihrem letzten KITA-Jahr den Unterricht in unseren ersten Klassen und es findet immer ein gr\u00f6\u00dferes Kooperationsprojekt mit den zuk\u00fcnftigen Paten statt.<\/p>\n\n\n\n<p>In der Gesamtkonferenz vom 5. Oktober 2022 wurde nach fast dreij\u00e4hriger Arbeit unser <strong>Medienkonzept <\/strong>verabschiedet. Es sieht die schrittweise Heranf\u00fchrung der Kinder an die digitalen Medien vor. Interessierte Eltern k\u00f6nnen das Konzept bei der Klassenlehrerin ihres Kindes einsehen.<br>Die Schule verf\u00fcgt \u00fcber einen <b>Glasfaseranschluss <\/b>und ein fl\u00e4chendeckendes, leistungsstarkes <strong>WLAN<\/strong>. F\u00fcr die Arbeit im Unterricht k\u00f6nnen unsere 82\u00a0<strong>iPads<\/strong>\u00a0genutzt werden.\u00a0Au\u00dferdem stehen f\u00fcr die Computer-AG (mit dem Schreibprogramm Word als Schwerpunkt) im vierten Schuljahr 22 <strong>Laptops<\/strong> zur Verf\u00fcgung, die auch in den Klassen genutzt werden. Wir sind dankbar, dass die Verbandsgemeinde alle Klassenr\u00e4ume der Schule mit <strong>Smart-Boards<\/strong> und <strong>Dokumenten-Kameras<\/strong> ausger\u00fcstet hat.<\/p>\n\n\n<div class=\"wp-block-image\">\n<figure class=\"aligncenter\"><a href=\"https:\/\/www.gs-essenheim.de\/wp-content\/uploads\/2016\/10\/2016.10.27.-Smartboard.jpg\"><img loading=\"lazy\" decoding=\"async\" width=\"300\" height=\"243\" src=\"https:\/\/www.gs-essenheim.de\/wp-content\/uploads\/2016\/10\/2016.10.27.-Smartboard-300x243.jpg\" alt=\"2016-10-27-smartboard\" class=\"wp-image-4164\" srcset=\"https:\/\/www.gs-essenheim.de\/wp-content\/uploads\/2016\/10\/2016.10.27.-Smartboard-300x243.jpg 300w, https:\/\/www.gs-essenheim.de\/wp-content\/uploads\/2016\/10\/2016.10.27.-Smartboard-768x621.jpg 768w, https:\/\/www.gs-essenheim.de\/wp-content\/uploads\/2016\/10\/2016.10.27.-Smartboard-1024x829.jpg 1024w, https:\/\/www.gs-essenheim.de\/wp-content\/uploads\/2016\/10\/2016.10.27.-Smartboard-371x300.jpg 371w\" sizes=\"auto, (max-width: 300px) 100vw, 300px\" \/><\/a><\/figure>\n<\/div>\n\n\n<p><\/p>\n\n\n\n<p>Das Thema unserer neuen <strong>Zielvereinbarung<\/strong> mit der Schulaufsicht f\u00fcr die n\u00e4chsten zwei Jahre ist die \u201e\u00dcberpr\u00fcfung des Schulalltags auf Verbesserungen in Bezug auf die zunehmende <strong>Heterogenit\u00e4t <\/strong>unserer Sch\u00fclerschaft\u201c.<\/p>\n\n\n\n<p>Besondere <strong>Rituale<\/strong> und Veranstaltungen wie Schulversammlungen vor allen Ferien, Ehrungen vor der ganzen Schulgemeinschaft, gemeinsame Ausfl\u00fcge aller Klassen, gemeinsames Sportfest,\u00a0etc. bereichern das Schulleben.<br>J\u00e4hrlich wiederkehrende <strong>Schulveranstaltungen<\/strong> geh\u00f6ren ebenso zum Schulleben, auch Dank der Unterst\u00fctzung und Mitarbeit der Eltern unserer Schule. Alle zwei Jahre finden Projekttage statt, im Schuljahr 2025\/26 im November eine Projektwoche &#8222;Advent&#8220; mit einem stimmungsvollen Adventsmarkt als kr\u00f6nenden Abschluss. Ein weiterer H\u00f6hepunkt ist sicherlich das j\u00e4hrliche Schulfest meist im Fr\u00fchjahr\/Sommer.<\/p>\n\n\n\n<p>Eine intensive <strong>Elternarbeit<\/strong> ist an unserer Schule selbstverst\u00e4ndlich. Unterst\u00fctzt wird die schulische Arbeit vom<\/p>\n\n\n\n<p><a title=\"F\u00d6V\" href=\"https:\/\/www.gs-essenheim.de\/?page_id=6527\"><strong>\u201eVerein der Freunde und F\u00f6rderer der Grundschule Essenheim e. V.\u201c<\/strong><\/a>.<\/p>\n\n\n\n<p><strong><a href=\"https:\/\/www.gs-essenheim.de\/?page_id=37\">Schulelternbeirat<\/a><\/strong>:<br>Frau Nicole Gl\u00f6ckner (2a, 4b), Frau Sarah Fr\u00f6ba-G\u00f6n\u00fcll\u00fc (1a, 4b), Herr Ralph Br\u00f6tzmann (1a, 3a)<br>Frau Margarete Sch\u00e4tzler (3b), Frau Ulla Dost (2a), Herr Dr. Harry Kertscho (3b) (Vertreter)<\/p>\n\n\n\n<p><strong>Schulelternsprecherin<\/strong>:<br>Frau Nicole Gl\u00f6ckner, Frau Sarah Fr\u00f6ba-G\u00f6n\u00fcll\u00fc (Stellvertreterin)<\/p>\n\n\n\n<p><strong>Schulausschuss<\/strong>:<br>Frau Nicole Gl\u00f6ckner (Elternvertretung), Frau Sarah Fr\u00f6ba-G\u00f6n\u00fcll\u00fc (Vertreterin der Elternvertretung)<br>Frau Kunkel (Lehrkr\u00e4ftevertretung), Frau Heinicke (Vertreterin der Lehrkr\u00e4ftevertretung)<br>Herr Strupp (Schulleitung)<\/p>\n\n\n\n<p><strong>Schul<u>buch<\/u>ausschuss<\/strong>:<br>Frau Anna Bahrt, Frau Denise Herz und Frau Selina Ebenrecht-Ernst (Elternvertretung)<br>Frau Hanna Seemann-Frenz, Frau Katharina Wamser und Frau Christina Sch\u00e4fer (Vertreterinnen der Elternvertretung)<br>Frau Brambach, Frau Bresser, Frau Heinicke (Lehrkr\u00e4ftevertretung)<br>Frau Langhammer, Fr. Dautermann, Frau Kunkel (Vertreterinnen der Lehrkr\u00e4ftevertretung)<br>Herr Strupp (Schulleitung)<\/p>\n","protected":false},"excerpt":{"rendered":"<p>Allgemeine Informationen zur Schule Unsere Schule besuchen derzeit 130 Kinder in acht Klassen. Der Schultr\u00e4ger ist die Verbandsgemeinde Nieder-Olm, der bislang finanziell und ideell sehr viel f\u00fcr seine Schulen unternimmt. Die Kinder, die unsere Schule besuchen, kommen vorwiegend aus Essenheim. &hellip; <a href=\"https:\/\/www.gs-essenheim.de\/?page_id=7\">Weiterlesen <span class=\"meta-nav\">&rarr;<\/span><\/a><\/p>\n","protected":false},"author":1,"featured_media":0,"parent":0,"menu_order":2,"comment_status":"closed","ping_status":"closed","template":"","meta":{"footnotes":""},"class_list":["post-7","page","type-page","status-publish","hentry"],"_links":{"self":[{"href":"https:\/\/www.gs-essenheim.de\/index.php?rest_route=\/wp\/v2\/pages\/7","targetHints":{"allow":["GET"]}}],"collection":[{"href":"https:\/\/www.gs-essenheim.de\/index.php?rest_route=\/wp\/v2\/pages"}],"about":[{"href":"https:\/\/www.gs-essenheim.de\/index.php?rest_route=\/wp\/v2\/types\/page"}],"author":[{"embeddable":true,"href":"https:\/\/www.gs-essenheim.de\/index.php?rest_route=\/wp\/v2\/users\/1"}],"replies":[{"embeddable":true,"href":"https:\/\/www.gs-essenheim.de\/index.php?rest_route=%2Fwp%2Fv2%2Fcomments&post=7"}],"version-history":[{"count":123,"href":"https:\/\/www.gs-essenheim.de\/index.php?rest_route=\/wp\/v2\/pages\/7\/revisions"}],"predecessor-version":[{"id":11192,"href":"https:\/\/www.gs-essenheim.de\/index.php?rest_route=\/wp\/v2\/pages\/7\/revisions\/11192"}],"wp:attachment":[{"href":"https:\/\/www.gs-essenheim.de\/index.php?rest_route=%2Fwp%2Fv2%2Fmedia&parent=7"}],"curies":[{"name":"wp","href":"https:\/\/api.w.org\/{rel}","templated":true}]}}